prime?
True
Is 11968242649 a composite number?
True
Is 43608295051 prime?
False
Is 6624388313 a prime number?
True
Is 586388809 prime?
False
Is 5122829711 a prime number?
True
Is 703143733 a composite number?
False
Is 305250971 a prime number?
True
Is 14140577753 a composite number?
False
Is 52549432657 a prime number?
True
Is 3660798983 a prime number?
True
Is 2384522711 prime?
True
Is 8371945937 a composite number?
True
Is 39961832017 composite?
True
Is 381559181 composite?
True
Is 3810919117 prime?
True
Is 8765745529 composite?
True
Is 24267403289 prime?
True
Is 692365451 a composite number?
False
Is 54089604971 prime?
False
Is 3680542747 a prime number?
False
Is 511989053 composite?
False
Is 121117114813 a composite number?
True
Is 8639167543 a prime number?
False
Is 4191017821 prime?
True
Is 2298531811 a prime number?
False
Is 3397443053 a prime number?
True
Is 753935743 a prime number?
False
Is 7567230049 prime?
True
Is 69363559 a prime number?
False
Is 10955402281 a composite number?
True
Is 26386739233 prime?
False
Is 141825371 prime?
False
Is 8818010419 a prime number?
False
Is 19052920229 composite?
True
Is 34082208317 a prime number?
True
Is 46609617529 prime?
True
Is 57114391613 a prime number?
False
Is 437708963 prime?
False
Is 1844494037 a composite number?
True
Is 9453637 composite?
False
Is 1193734151 a composite number?
True
Is 506192971 composite?
False
Is 534816143317 a prime number?
True
Is 2115163891 a composite number?
False
Is 3241488571 a prime number?
False
Is 407617711 prime?
True
Is 1020927007 a prime number?
False
Is 35192320693 prime?
True
Is 2190415919 a prime number?
False
Is 267022739 prime?
False
Is 25290643163 prime?
False
Is 4989645637 a composite number?
False
Is 33903050263 a prime number?
True
Is 89538504947 a composite number?
False
Is 18512206961 a prime number?
True
Is 1289363767 prime?
False
Is 2322769003 prime?
True
Is 34103094539 prime?
False
Is 728385979 a prime number?
True
Is 9827315809 prime?
False
Is 1331468861 composite?
True
Is 636908677 a composite number?
False
Is 519409157 a prime number?
True
Is 13774068155 prime?
False
Is 791948981 a prime number?
False
Is 12161919533 prime?
False
Is 3147031369 a composite number?
False
Is 3655313339 prime?
True
Is 21125302249 a composite number?
True
Is 6527575391 a prime number?
False
Is 7603660759 a prime number?
True
Is 668370273 composite?
True
Is 749748997 composite?
True
Is 183947791 prime?
True
Is 645655951 prime?
True
Is 7147407649 prime?
True
Is 32687239087 a composite number?
False
Is 2643986195 composite?
True
Is 339682463 a composite number?
True
Is 2122951469 a prime number?
True
Is 886083589 a composite number?
False
Is 482610468023 a prime number?
True
Is 12749251451 composite?
True
Is 6817924027 a composite number?
False
Is 983499877 prime?
False
Is 732147511 a prime number?
False
Is 15893723479 prime?
False
Is 14464621923 a composite number?
True
Is 1662792259 prime?
True
Is 61716951887 prime?
True
Is 6353635427 a prime number?
True
Is 318213757 a prime number?
False
Is 26041324721 composite?
False
Is 14940113137 prime?
False
Is 710581901 composite?
False
Is 192032651 prime?
True
Is 1933327523 prime?
True
Is 1412368357 prime?
True
Is 1009417811 prime?
True
Is 997714843 a prime number?
False
Is 298085269 prime?
True
Is 76850858837 a composite number?
False
Is 65777523121 composite?
False
Is 1767003779 prime?
False
Is 10339234903 composite?
False
Is 892536947 a prime number?
True
Is 6575423033 a prime number?
False
Is 10231123277 prime?
False
Is 54044071 a prime number?
False
Is 2513020262 composite?
True
Is 5469948149 prime?
True
Is 14428419067 composite?
True
Is 8144649329 prime?
False
Is 4248494167 a prime number?
False
Is 30181320049 prime?
False
Is 127046077 composite?
False
Is 3655546042 composite?
True
Is 494409689 a composite number?
True
Is 158950643 prime?
True
Is 1658594859 prime?
False
Is 2723358751 a prime number?
False
Is 12953054731 a composite number?
False
Is 236932061 a prime number?
False
Is 23669203457 a prime number?
True
Is 13075308509 composite?
False
Is 14849674971 a composite number?
True
Is 4021684633 prime?
False
Is 28289802809 a prime number?
True
Is 480473503 prime?
False
Is 48552509 prime?
False
Is 33925979006 a prime number?
False
Is 86270396651 prime?
False
Is 2456808286 prime?
False
Is 35524549049 a prime number?
False
Is 2421598183 composite?
True
Is 493332857 composite?
True
Is 664489198 composite?
True
Is 6565625249 composite?
False
Is 8665866907 a composite number?
False
Is 5456784773 prime?
False
Is 65671406701 a prime number?
True
Is 55662819101 prime?
True
Is 821117611 a composite number?
True
Is 206290081 a composite number?
True
Is 655721699 a prime number?
True
Is 344619647 a composite number?
False
Is 1507597561 composite?
True
Is 14942467979 a composite number?
True
Is 22519798003 prime?
False
Is 68052837817 composite?
False
Is 4233467189 prime?
False
Is 4900164817 composite?
False
Is 7485766991 prime?
True
Is 1129976399 a prime number?
True
Is 8428286033 a prime number?
False
Is 43968533731 composite?
False
Is 60310559 composite?
False
Is 3474570977 a composite number?
False
Is 53506375079 composite?
False
Is 2180053073 a prime number?
False
Is 12839869309 prime?
False
Is 29491558079 a prime number?
False
Is 1569650897 a prime number?
False
Is 354335231 a composite number?
False
Is 31196305099 a prime number?
False
Is 16586284259 composite?
False
Is 291623557 prime?
True
Is 3638885885 prime?
False
Is 45791296333 composite?
True
Is 8627994239 a composite number?
True
Is 1148244079 prime?
True
Is 33752339443 composite?
False
Is 194997761391 a prime number?
False
Is 50287503767 composite?
True
Is 2085940853 prime?
True
Is 588320543 a composite number?
False
Is 2400046249 prime?
True
Is 2702489789 prime?
True
Is 399828943 composite?
False
Is 735893 composite?
True
Is 1149345641 a prime number?
False
Is 18456003079 a prime number?
False
Is 23829980401 a composite number?
True
Is 23705151919 a prime number?
True
Is 55095830767 a prime number?
True
Is 1905986783 a composite number?
False
Is 22479173 a prime number?
True
Is 5000225127 composite?
True
Is 11851568371 composite?
False
Is 319817567 a prime number?
True
Is 626559617 composite?
False
Is 482904467 a composite number?
False
Is 1321103179 a composite number?
True
Is 25352102541 prime?
False
Is 9131799749 a prime number?
False
Is 1653522317 prime?
False
Is 33459877663 a composite number?
False
Is 21984340795 prime?
False
Is 1560282343 composite?
False
Is 72876399143 a prime number?
False
Is 7054392677 a prime number?
True
Is 51809143433 a composite number?
True
Is 304464247 a prime number?
True
Is 985705827 a composite number?
True
Is 34257973819 a prime number?
False
Is 2801195911 prime?
False
Is 1875990065 composite?
True
Is 321823867 composite?
True
Is 29469083711 a prime number?
True
Is 8623107497 composite?
True
Is 2012113 a composite number?
False
Is 175651024229 a prime number?
True
Is 557137391 prime?
True
Is 11788723 a composite number?
False
Is 20051661941 prime?
False
Is 1433632751 composite?
False
Is 7446321791 a composite number?
False
Is 2409917857 a composite number?
False
Is 15292741402 a prime number?
False
Is 6398087041 composite?
False
Is 304451659 composite?
True
Is 45862591 a composite number?
True
Is 38715233729 a prime number?
True
Is 12656025557 a composite number?
True
Is 1193022203 prime?
False
Is 7311371906 a composite number?
True
Is 207701213 a composite number?
False
Is 40271632889 a prime number?
False
Is 19263407 composite?
False
Is 47294804329 a prime number?
True
Is 114958438381 a composite number?
False
Is 310067767 composite?
False
Is 1543357363 a composite number?
False
Is 117725299431 composite?
True
Is 5142684427 prime?
False
Is 1946538247 composite?
False
Is 23487869 a composite number?
False
Is 9369857429 a prime number?
False
Is 190042387 a prime number?
False
Is 426086053 a prime number?
True
Is 625985473 prime?
False
Is 1738997203 a prime number?
False
Is 59552863691 composite?
True
Is 174127091 prime?
True
Is 7844851829 a prime number?
True
Is 865470533 prime?
True
Is 66143086183 a composite number?
True
Is 2561432671 prime?
False
Is 9329933 a composite number?
True
Is 4378911881 a composite numb